at is the remainder when 5246402 is divided by 674?
660
What is the remainder when 7221571 is divided by 218828?
247
What is the remainder when 2381164 is divided by 687?
22
Calculate the remainder when 12993 is divided by 933.
864
Calculate the remainder when 3862684 is divided by 321877.
160
Calculate the remainder when 315794 is divided by 63157.
9
What is the remainder when 18418657 is divided by 4604647?
69
Calculate the remainder when 224965 is divided by 219661.
5304
What is the remainder when 769595 is divided by 2637?
2228
Calculate the remainder when 1348809 is divided by 7.
0
What is the remainder when 15900215 is divided by 429735?
20
Calculate the remainder when 76799420 is divided by 312.
308
What is the remainder when 183542968 is divided by 25?
18
Calculate the remainder when 29755 is divided by 2952.
235
Calculate the remainder when 5433705 is divided by 51261.
39
Calculate the remainder when 22980 is divided by 358.
68
Calculate the remainder when 2069566 is divided by 27593.
91
Calculate the remainder when 849329 is divided by 106140.
209
Calculate the remainder when 13539164 is divided by 2707827.
29
Calculate the remainder when 129155 is divided by 25828.
15
What is the remainder when 193722 is divided by 21424?
906
Calculate the remainder when 3083291 is divided by 7557.
35
What is the remainder when 828694 is divided by 1053?
1036
What is the remainder when 32780700 is divided by 280?
260
What is the remainder when 5804696 is divided by 177?
158
What is the remainder when 21170 is divided by 576?
434
What is the remainder when 165651 is divided by 880?
211
Calculate the remainder when 1464209 is divided by 292825.
84
Calculate the remainder when 2042458 is divided by 315.
313
What is the remainder when 2325036 is divided by 91?
77
What is the remainder when 465965 is divided by 20212?
1089
What is the remainder when 269528610 is divided by 28?
22
Calculate the remainder when 121013 is divided by 3909.
3743
What is the remainder when 4154161 is divided by 630?
571
What is the remainder when 22578866 is divided by 13?
11
What is the remainder when 571503 is divided by 142640?
943
What is the remainder when 8815836 is divided by 122?
116
Calculate the remainder when 2566 is divided by 429.
421
What is the remainder when 108665 is divided by 1488?
41
What is the remainder when 82529 is divided by 1124?
477
What is the remainder when 63131343 is divided by 2205?
2193
Calculate the remainder when 92740 is divided by 92723.
17
What is the remainder when 426338 is divided by 74?
24
What is the remainder when 343677 is divided by 38166?
183
Calculate the remainder when 2905330 is divided by 484210.
70
What is the remainder when 35482834 is divided by 136999?
93
Calculate the remainder when 136912 is divided by 34206.
88
Calculate the remainder when 242884 is divided by 38796.
10108
Calculate the remainder when 60838 is divided by 25.
13
What is the remainder when 1250061 is divided by 24?
21
What is the remainder when 7566104 is divided by 2666?
2662
Calculate the remainder when 421099 is divided by 210502.
95
Calculate the remainder when 85664 is divided by 664.
8
Calculate the remainder when 13111811 is divided by 588.
587
Calculate the remainder when 1274465 is divided by 392.
73
Calculate the remainder when 41226181 is divided by 1189.
1173
What is the remainder when 1339690 is divided by 267937?
5
Calculate the remainder when 6698645 is divided by 54.
53
What is the remainder when 78040 is divided by 3115?
165
Calculate the remainder when 335528 is divided by 3055.
2533
What is the remainder when 56416316 is divided by 114?
110
Calculate the remainder when 3999220 is divided by 63.
43
What is the remainder when 110037 is divided by 12764?
7925
What is the remainder when 1165359 is divided by 485?
389
What is the remainder when 2426852 is divided by 346?
8
Calculate the remainder when 13552075 is divided by 624.
43
What is the remainder when 197198704 is divided by 21910966?
10
Calculate the remainder when 1310094 is divided by 1309004.
1090
What is the remainder when 22375 is divided by 4471?
20
What is the remainder when 73114367 is divided by 256?
255
What is the remainder when 152270 is divided by 16917?
17
Calculate the remainder when 4812578 is divided by 687505.
43
What is the remainder when 223695 is divided by 785?
755
What is the remainder when 3146281 is divided by 314627?
11
Calculate the remainder when 76868 is divided by 1003.
640
Calculate the remainder when 77202 is divided by 2766.
2520
What is the remainder when 939317 is divided by 107?
71
What is the remainder when 16618933 is divided by 522?
19
Calculate the remainder when 3721175 is divided by 195845.
120
What is the remainder when 123227 is divided by 233?
203
What is the remainder when 898542 is divided by 50?
42
What is the remainder when 12004 is divided by 1545?
1189
What is the remainder when 16808247 is divided by 49876?
35
What is the remainder when 1443147 is divided by 71?
1
Calculate the remainder when 121541 is divided by 60761.
19
Calculate the remainder when 1934934 is divided by 276418.
8
What is the remainder when 20310 is divided by 457?
202
What is the remainder when 458635776 is divided by 9?
6
What is the remainder when 781448 is divided by 70999?
459
Calculate the remainder when 177258 is divided by 5677.
1271
Calculate the remainder when 186572 is divided by 297.
56
Calculate the remainder when 15737 is divided by 1548.
257
What is the remainder when 49635059 is divided by 6004?
5995
Calculate the remainder when 32655759 is divided by 247392.
15
What is the remainder when 5204527 is divided by 20094?
181
What is the remainder when 1193236 is divided by 511?
51
What is the remainder when 25267298 is divided by 3078?
3074
Calculate the remainder when 25985 is divided by 597.
314
Calculate the remainder when 350488 is divided by 409.
384
What is the remainder when 49588422 is divided by 138515?
52
Calculate the remainder when 107350 is divided by 35517.
799
What is the remainder when 24804 is divided by 3178?
2558
What is the remainder when 5118 is divided by 3544?
1574
What is the remainder when 4324565 is divided by 864905?
40
What is the remainder when 1376811 is divided by 1079?
7
What is the remainder when 3021622 is divided by 287?
86
Calculate the remainder when 3362210 is divided by 167.
166
What is the remainder when 218240 is divided by 1108?
1072
Calculate the remainder when 24303885 is divided by 63.
60
Calculate the remainder when 2397817 is divided by 1198908.
1
Calculate the remainder when 57180381 is divided by 17125.
6
Calculate the remainder when 330055821 is divided by 203864.
5
What is the remainder when 19262078 is divided by 627?
11
What is the remainder when 47582628 is divided by 945?
933
What is the remainder when 1597986 is divided by 20753?
5
What is the remainder when 1659843 is divided by 414773?
751
Calculate the remainder when 5373573 is divided by 895590.
33
Calculate the remainder when 5264717 is divided by 605.
7
Calculate the remainder when 8892437 is divided by 6171.
26
Calculate the remainder when 8993 is divided by 73.
14
What is the remainder when 17641 is divided by 2545?
2371
What is the remainder when 9938 is divided by 9816?
122
What is the remainder when 2479672 is divided by 275502?
154
What is the remainder when 13076 is divided by 4261?
293
What is the remainder when 666110 is divided by 7479?
479
Calculate the remainder when 53646 is divided by 281.
256
What is the remainder when 155767538 is divided by 79?
78
What is the remainder when 20063568 is divided by 85?
83
What is the remainder when 115575 is divided by 1778?
5
Calculate the remainder when 141165 is divided by 7828.
261
What is the remainder when 518169 is divided by 1175?
1169
What is the remainder when 203493 is divided by 207?
12
What is the remainder when 1157794 is divided by 19?
10
What is the remainder when 95119 is divided by 495?
79
What is the remainder when 18735 is divided by 1924?
1419
Calculate the remainder when 2506282 is divided by 3616.
394
Calculate the remainder when 542857 is divided by 1077.
49
What is the remainder when 611007 is divided by 12219?
57
Calculate the remainder when 4574575 is divided by 